6529731?
1
What is the thousands digit of 125284809?
4
What is the units digit of 235987627?
7
What is the hundreds digit of 803600577?
5
What is the thousands digit of 76091594?
1
What is the hundreds digit of 105409720?
7
What is the hundreds digit of 1218355229?
2
What is the hundred thousands digit of 242590869?
5
What is the hundred thousands digit of 8589796835?
7
What is the units digit of 7033395717?
7
What is the millions digit of 775596972?
5
What is the hundred thousands digit of 485090635?
0
What is the hundred thousands digit of 170783353?
7
What is the hundred millions digit of 129684079?
1
What is the thousands digit of 3688489492?
9
What is the hundreds digit of 125926266?
2
What is the tens digit of 5552962?
6
What is the hundred millions digit of 1790308885?
7
What is the ten millions digit of 1471709524?
7
What is the hundred millions digit of 340287937?
3
What is the thousands digit of 1600056283?
6
What is the ten thousands digit of 1367473409?
7
What is the thousands digit of 279294454?
4
What is the ten millions digit of 5976654971?
7
What is the hundred thousands digit of 126881932?
8
What is the thousands digit of 81183386?
3
What is the hundred thousands digit of 836443875?
4
What is the ten millions digit of 48606652?
4
What is the hundred thousands digit of 85248450?
2
What is the millions digit of 74067019?
4
What is the hundred thousands digit of 250142028?
1
What is the tens digit of 40117176?
7
What is the thousands digit of 50542284?
2
What is the tens digit of 258554478?
7
What is the hundred millions digit of 264529307?
2
What is the hundreds digit of 1187699217?
2
What is the thousands digit of 146988996?
8
What is the hundred thousands digit of 3970040877?
0
What is the hundred millions digit of 138758519?
1
What is the millions digit of 3876053021?
6
What is the units digit of 1122995283?
3
What is the ten thousands digit of 36564518?
6
What is the units digit of 2215056170?
0
What is the hundreds digit of 39878343?
3
What is the tens digit of 89704197?
9
What is the units digit of 29152282?
2
What is the thousands digit of 1331350687?
0
What is the tens digit of 9134864?
6
What is the units digit of 738981332?
2
What is the units digit of 64889766?
6
What is the millions digit of 251676101?
1
What is the units digit of 36552418?
8
What is the thousands digit of 2532710887?
0
What is the tens digit of 14975871?
7
What is the millions digit of 223072730?
3
What is the thousands digit of 48688936?
8
What is the ten millions digit of 918701977?
1
What is the billions digit of 1313902360?
1
What is the hundred millions digit of 156630558?
1
What is the units digit of 1263245018?
8
What is the thousands digit of 2334190358?
0
What is the thousands digit of 44413569?
3
What is the billions digit of 1409559388?
1
What is the tens digit of 6503039?
3
What is the ten thousands digit of 2164279781?
7
What is the hundreds digit of 13147370?
3
What is the thousands digit of 268259791?
9
What is the hundreds digit of 602523865?
8
What is the tens digit of 48476363?
6
What is the units digit of 531114351?
1
What is the ten millions digit of 1246422135?
4
What is the billions digit of 2964072216?
2
What is the ten thousands digit of 620076719?
7
What is the ten thousands digit of 382366016?
6
What is the millions digit of 822977254?
2
What is the millions digit of 26199688?
6
What is the ten millions digit of 3321985016?
2
What is the units digit of 789634229?
9
What is the thousands digit of 26345885?
5
What is the ten millions digit of 60096141?
6
What is the hundreds digit of 33790472?
4
What is the tens digit of 179764915?
1
What is the units digit of 623718783?
3
What is the hundred thousands digit of 703371792?
3
What is the hundred thousands digit of 3048079716?
0
What is the hundreds digit of 671204235?
2
What is the hundreds digit of 61676050?
0
What is the ten millions digit of 463905576?
6
What is the tens digit of 49881581?
8
What is the billions digit of 1117515904?
1
What is the units digit of 99545613?
3
What is the thousands digit of 8615350?
5
What is the millions digit of 354611086?
4
What is the ten millions digit of 78833514?
7
What is the millions digit of 80528972?
0
What is the millions digit of 58943911?
8
What is the thousands digit of 877165175?
5
What is the ten millions digit of 173406483?
7
What is the hundreds digit of 969167099?
0
What is the thousands digit of 36454831?
4
What is the millions digit of 315566067?
5
What is the units digit of 240698130?
0
What is the hundred millions digit of 127907034?
1
What is the hundreds digit of 676063909?
9
What is the hundred thousands digit of 1478499048?
4
What is the hundreds digit of 44010338?
3
What is the units digit of 377607265?
5
What is the hundred millions digit of 265494572?
2
What is the hundred millions digit of 8934584675?
9
What is the hundred millions digit of 2967655244?
9
What is the hundred thousands digit of 5590255377?
2
What is the thousands digit of 7471650?
1
What is the hundred thousands digit of 30876837?
8
What is the ten millions digit of 688259594?
8
What is the ten millions digit of 334671148?
3
What is the millions digit of 309372297?
9
What is the hundred thousands digit of 74756044?
7
What is the ten millions digit of 1012909911?
1
What is the hundreds digit of 1937029623?
6
What is the units digit of 23246804?
4
What is the tens digit of 15942976?
7
What is the units digit of 786640025?
5
What is the ten millions digit of 15945010?
1
What is the hundred millions digit of 103904241?
1
What is the hundreds digit of 18657437?
4
What is the ten thousands digit of 140223071?
2
What is the tens digit of 3524772530?
3
What is the hundred millions digit of 512422957?
5
What is the millions digit of 430420271?
0
What is the hundreds digit of 159708680?
6
What is the millions digit of 800407254?
0
What is the hundred thousands digit of 1643156029?
1
What is the tens digit of 4773963481?
8
What is the thousands digit of 426759571?
9
What is the hundred thousands digit of 98905109?
9
What is the tens digit of 94252776?
7
What is the ten millions digit of 4945554782?
4
What is the ten millions digit of 673457364?
7
What is the ten thousands digit of 368806268?
0
What is the billions digit of 4148273823?
4
What is the tens digit of 237830980?
8
What is the hundreds digit of 185971165?
1
What is the units digit of 9720131?
1
What is the hundreds digit of 1293341819?
8
What is the tens digit of 86037865?
6
What is the ten millions digit of 1060099439?
6
What is the tens digit of 7363967?
6
What is the hundreds digit of 196692762?
7
What is the tens digit of 22592666?
6
What is the millions digit of 33849513?
3
What is the thousands digit of 82248359?
8
What is the ten thousands digit of 263108569?
0
What is the ten thousands digit of 122189526?
8
What is the tens digit of 292542278?
7
What is the hundred thousands digit of 951765668?
7
What is the ten thousands digit of 179033676?
3
What is the millions digit of 12822053?
2
What is the thousands digit of 683184265?
4
What is the tens digit of 2621014589?
8
What is the thousands digit of 444542213?
2
What is the ten thousands digit of 40538818?
3
What is the thousands digit of 314386886?
6
What is the hundred millions digit of 686740562?
6
What is the units digit of 54111683?
3
What is the units digit of 18337632?
2
What is the millions digit of 32627848?
2
What is the hundreds digit of 4041947445?
4
What is the ten thousands digit of 532801503?
0
What is the ten millions digit of 247000112?
4
What is the thousands digit of 1336366715?
6
What is the units digit of 251735838?
8
What is the units digit of 475763609?
9
What is the hundred thousands digit of 22387068?
3
What is the hundreds digit of 110819523?
5
What is the hundred millions digit of 562779819?
5
What is the tens digit of 255549719?
1
What is the hundred thousands digit of 30034398?
0
What is the hundred thousands digit of 31067732?
0
What is the thousands digit of 868962?
8
What is the hundred millions digit of 413081910?
4
What is the ten thousands digit of 178995?
7
What is the tens digit of 2693275872?
7
What is the hundred millions digit of 2571246630?
5
What is the ten millions digit of 64557618?
6
What is the